 prime factors of 3916600?
2, 5, 19583
What are the prime factors of 7570068?
2, 3, 11, 57349
What are the prime factors of 1064425?
5, 42577
What are the prime factors of 126225?
3, 5, 11, 17
What are the prime factors of 6380554?
2, 541, 5897
List the prime factors of 2166602.
2, 1083301
List the prime factors of 34285655.
5, 787, 8713
What are the prime factors of 32704993?
32704993
List the prime factors of 12077111.
199, 60689
What are the prime factors of 648362?
2, 11, 13, 2267
List the prime factors of 8744319.
3, 971591
What are the prime factors of 103868?
2, 23, 1129
List the prime factors of 1138439.
17, 167, 401
List the prime factors of 13858428.
2, 3, 479, 2411
What are the prime factors of 1934230?
2, 5, 193423
List the prime factors of 662698.
2, 331349
List the prime factors of 14305394.
2, 7152697
List the prime factors of 567650.
2, 5, 11353
List the prime factors of 308196.
2, 3, 7, 1223
What are the prime factors of 2281167?
3, 7, 36209
List the prime factors of 591359.
71, 8329
List the prime factors of 21932804.
2, 89, 61609
What are the prime factors of 16789?
103, 163
List the prime factors of 4670679.
3, 13, 23, 41, 127
List the prime factors of 14278905.
3, 5, 83, 3823
What are the prime factors of 12959678?
2, 17, 381167
List the prime factors of 12763165.
5, 31, 67, 1229
List the prime factors of 11616051.
3, 3872017
List the prime factors of 590400.
2, 3, 5, 41
List the prime factors of 3021173.
3021173
List the prime factors of 19602.
2, 3, 11
What are the prime factors of 547526?
2, 7, 37, 151
List the prime factors of 334070.
2, 5, 11, 3037
What are the prime factors of 161356?
2, 13, 29, 107
What are the prime factors of 670936?
2, 7, 11981
List the prime factors of 151511.
127, 1193
List the prime factors of 5131727.
1087, 4721
List the prime factors of 31204.
2, 29, 269
List the prime factors of 830943.
3, 17, 5431
List the prime factors of 4433585.
5, 13, 68209
List the prime factors of 2312516.
2, 617, 937
List the prime factors of 2921599.
2921599
What are the prime factors of 44026696?
2, 7, 31, 3623
List the prime factors of 597185.
5, 83, 1439
List the prime factors of 887923.
887923
What are the prime factors of 1239771?
3, 13, 83, 383
What are the prime factors of 3281552?
2, 205097
List the prime factors of 6763526.
2, 7, 11, 37, 1187
List the prime factors of 2355028.
2, 13, 45289
List the prime factors of 359357.
359357
What are the prime factors of 7768927?
37, 209971
What are the prime factors of 11576990?
2, 5, 1157699
List the prime factors of 154599.
3, 29, 1777
List the prime factors of 461325.
3, 5, 6151
What are the prime factors of 210578?
2, 211, 499
List the prime factors of 2262395.
5, 23, 103, 191
List the prime factors of 880119.
3, 37, 881
What are the prime factors of 2315024?
2, 41, 3529
List the prime factors of 3247960.
2, 5, 81199
List the prime factors of 2188289.
23, 95143
What are the prime factors of 459717?
3, 293, 523
List the prime factors of 6415765.
5, 503, 2551
List the prime factors of 380762.
2, 61, 3121
List the prime factors of 6050611.
7, 31, 27883
List the prime factors of 34670506.
2, 13, 151, 8831
List the prime factors of 11624150.
2, 5, 83, 2801
List the prime factors of 5238144.
2, 3, 4547
What are the prime factors of 639320?
2, 5, 11, 1453
What are the prime factors of 22731611?
7, 773, 4201
List the prime factors of 990179.
990179
List the prime factors of 4119631.
283, 14557
List the prime factors of 563005.
5, 112601
List the prime factors of 1362634.
2, 7, 13, 7487
List the prime factors of 28406753.
47, 89, 6791
What are the prime factors of 9812941?
9812941
List the prime factors of 2232044.
2, 19, 43, 683
List the prime factors of 340358.
2, 170179
What are the prime factors of 21190134?
2, 3, 7, 504527
What are the prime factors of 367962?
2, 3, 7, 8761
What are the prime factors of 3904067?
17, 29, 7919
What are the prime factors of 1612812?
2, 3, 134401
What are the prime factors of 1081811?
101, 10711
List the prime factors of 89202.
2, 3, 14867
List the prime factors of 313927.
23, 13649
List the prime factors of 8135637.
3, 433, 6263
List the prime factors of 2034264.
2, 3, 84761
What are the prime factors of 5470304?
2, 7, 24421
List the prime factors of 1060528.
2, 7, 17, 557
What are the prime factors of 5937942?
2, 3, 67, 14771
List the prime factors of 11465051.
13, 167, 5281
List the prime factors of 6691.
6691
What are the prime factors of 18207032?
2, 2275879
What are the prime factors of 554552?
2, 103, 673
What are the prime factors of 300473?
269, 1117
What are the prime factors of 4096?
2
List the prime factors of 126651.
3, 7, 37, 163
List the prime factors of 2377606.
2, 7, 11, 15439
List the prime factors of 9227725.
5, 13, 28393
List the prime factors of 2484314.
2, 7, 29, 211
List the prime factors of 8745675.
3, 5, 29, 4021
List the prime factors of 359626.
2, 179813
What are the prime factors of 9969310?
2, 5, 13, 17, 347
What are the prime factors of 274369?
29, 9461
List the prime factors of 17866873.
17866873
List the prime factors of 740513.
740513
What are the prime factors of 7489931?
7489931
List the prime factors of 719953.
13, 55381
List the prime factors of 267660.
2, 3, 5, 1487
What are the prime factors of 11341157?
19, 59, 67, 151
What are the prime factors of 7465177?
1777, 4201
What are the prime factors of 187762?
2, 269, 349
List the prime factors of 254675.
5, 61, 167
List the prime factors of 15587387.
59, 349, 757
What are the prime factors of 1228293?
3, 11, 19, 653
List the prime factors of 263423.
263423
What are the prime factors of 548437?
17, 32261
What are the prime factors of 5347099?
5347099
What are the prime factors of 12906?
2, 3, 239
List the prime factors of 194387.
29, 6703
List the prime factors of 404313.
3, 7, 13, 1481
What are the prime factors of 31357?
31357
List the prime factors of 39154.
2, 19577
List the prime factors of 184040.
2, 5, 43, 107
List the prime factors of 1183066.
2, 53, 11161
What are the prime factors of 553450?
2, 5, 11069
What are the prime factors of 3086738?
2, 23, 67103
List the prime factors of 15152911.
59, 79, 3251
List the prime factors of 3509795.
5, 67, 10477
List the prime factors of 636385.
5, 127277
List the prime factors of 4159149.
3, 1386383
What are the prime factors of 1406458?
2, 703229
List the prime factors of 3596520.
2, 3, 5, 17, 41, 43
What are the prime factors of 1209177?
3, 134353
List the prime factors of 6460788.
2, 3, 538399
What are the prime factors of 34699984?
2, 11, 197159
What are the prime factors of 4454492?
2, 7, 22727
What are the prime factors of 12739344?
2, 3, 265403
List the prime factors of 678801.
3, 226267
What are the prime factors of 314610?
2, 3, 5, 10487
List the prime factors of 1068864.
2, 3, 19, 293
List the prime factors of 11859931.
17, 697643
List the prime factors of 255430.
2, 5, 7, 41, 89
What are the prime factors of 561629?
17, 33037
List the prime factors of 5632983.
3, 7727
What are the prime factors of 11827750?
2, 5, 11, 17, 23
What are the prime factors of 528786?
2, 3, 29, 1013
What are the prime factors of 4545749?
13, 17, 67, 307
List the prime factors of 8359891.
37, 225943
What are the prime factors of 12377859?
3, 13, 41, 7741
List the prime factors of 2489942.
2, 7, 13, 13681
What are the prime factors of 3354?
2, 3, 13, 43
List the prime factors of 792994.
2, 23, 17239
List the prime factors of 26441951.
26441951
List the prime factors of 7596158.
2, 3798079
List the prime factors of 166775.
5, 7, 953
What are the prime factors of 41070952?
2, 13, 557, 709
List the prime factors of 1957127.
47, 41641
List the prime factors of 1771611.
3, 590537
What are the prime factors of 8296031?
23, 107, 3371
List the prime factors of 693181.
439, 1579
What are the prime factors of 449855?
5, 7, 12853
What are the prime factors of 32062?
2, 17, 23, 41
What are the prime factors of 23178566?
2, 281, 41243
List the prime factors of 699804.
2, 3, 7, 2777
What are the prime factors of 274605?
3, 5, 18307
List the prime factors of 5616488.
2, 29, 43, 563
List the prime factors of 671674.
2, 167, 2011
What are the prime factors of 25154?
2, 12577
What are the prime factors of 183850?
2, 5, 3677
What are